 digit of x(-8)?
2
Let u(v) = v**3 - 2*v**2 - v - 2. Suppose i = -2*t - t + 11, -2*i + 13 = 3*t. Let o be u(t). Suppose -o*r - 8 = -40. What is the units digit of r?
8
Let h(m) = 2 + 4 + m + 4 + 0. What is the units digit of h(-8)?
2
Suppose 0 = -5*z - 33 + 158. What is the units digit of z?
5
Suppose -5 = j - 52. What is the units digit of j?
7
Suppose -2*r + 3 = 9. What is the units digit of 3 + -1*(r - -3)?
3
Let h(b) be the second derivative of b**4/6 - b**3/3 - b**2/2 + 2*b. What is the units digit of h(-1)?
3
Let h(a) = -a - 7. Let s be (-9 - -2)*(2 + -1). Let z be h(s). Suppose 3*f - y + 5 - 26 = z, -5*y = -15. What is the units digit of f?
8
Let y = 1 - 8. Let n(u) be the first derivative of -u**3/3 - 4*u**2 + 6*u - 10. What is the units digit of n(y)?
3
Suppose 4*l - 2*f - 2*f = 540, 3*l - 380 = -2*f. What is the hundreds digit of l?
1
Let f(j) be the first derivative of -j**3/3 - 3*j**2/2 - 6*j + 2. Let g be f(-4). Let n = 17 + g. What is the units digit of n?
7
Suppose p + 4*p - 19 = -4*y, 0 = -5*y - 3*p + 14. Suppose -t + 4*m = -0*t + y, m = -t + 9. Suppose 2*o + 75 = t*o. What is the tens digit of o?
1
Suppose -5*u - 53 + 20 = -4*o, -4*o + u = -13. What is the units digit of o?
2
Suppose -60 = -4*n + 3*o, -5*n - 3*o + 0*o = -102. What is the units digit of n?
8
Let l(o) = -11*o**3 - o**2. Suppose 0 = 5*a - 5 - 0. Let j be l(a). What is the units digit of 34/8 - 9/j?
5
What is the tens digit of (-2)/4*(-77 - -1)?
3
Suppose -4*y + 3*r = -525, -y - 141 = -2*y + 4*r. What is the tens digit of y?
2
Suppose -3*y = 3*o - 48, -o = 2*y + y - 56. Suppose w - 5*w - y = 0. Let f = -2 - w. What is the units digit of f?
3
Suppose -2*w + 2 = -0, 0 = o - 2*w + 6. Let k(m) = -5*m - 2. What is the units digit of k(o)?
8
Let x be (-100)/45 - 2/(-9). Let a(p) = 0*p**3 - p**3 - 7*p - 3*p**2 - 2 + 3*p. What is the units digit of a(x)?
2
Suppose 0 = 47*a - 48*a + 174. What is the tens digit of a?
7
Suppose 23*z = 27*z - 960. What is the hundreds digit of z?
2
Suppose 0 = -0*u + 2*u - 4*r - 10, 5*u = -5*r - 50. Let d = -1 - u. Suppose -d*b = -b - 21. What is the units digit of b?
7
Suppose b = -26 + 136. What is the units digit of b?
0
Let r(s) = s + 2. What is the units digit of r(4)?
6
Let m(y) = -y + y + 6 - 4*y + y**2 - 2*y. What is the units digit of m(5)?
1
What is the units digit of (-1 - (-63)/(-6))*-2?
3
Suppose -284 = -4*f - 28. Suppose -216 + f = -5*b - 3*t, -4*b - 3*t = -124. Suppose -5*d + b = -32. What is the units digit of d?
2
Let g be ((-14)/(-2))/(-2 + 3). Suppose j = -4*c + 56 - g, -31 = -3*c + 5*j. What is the tens digit of c?
1
Suppose -2*x - 5*d + 32 = 2*x, -d + 7 = x. Suppose -4*n + 58 = x*y, 4*y - 44 = 4*n - n. What is the units digit of y?
4
Let f be 0*(-1)/4 - -3. Suppose -2*q = f*q - 10. What is the units digit of q?
2
Suppose 0 = 4*m - 4*k - 224, -4*m + 221 = -3*k - 2*k. What is the tens digit of m?
5
Let b = -5 + 8. Suppose 14 - 71 = -b*k. What is the tens digit of k?
1
Let d(h) = h - 6. Let k be d(5). Let g = 4 + k. What is the units digit of (-7)/(-2)*(-1 + g)?
7
Let g = 56 + 118. What is the tens digit of g?
7
Let g(w) = w - 2. Let x be g(2). Let y be (x + -20)*4/(-8). Suppose 5*f + 20 = 0, 0 = -0*l - 3*l - 5*f + y. What is the units digit of l?
0
Let n = -38 + 249. What is the hundreds digit of n?
2
Let h(t) = t**3 + 4*t**2 - 2*t - 4. Let d be h(-4). Let j(z) = 2*z - 5. Let b be j(d). Suppose -b*v = 3*x - 12, -x - v - 6 = -2*x. What is the units digit of x?
5
Let y be -2 - 7/((-21)/6). Suppose 5*g + y*g - 75 = 0. What is the units digit of g?
5
Suppose 4*d = 3*d + 2. Suppose -d*s = -73 + 27. What is the units digit of s?
3
Let x = -23 + 53. Suppose -4*f = -f - x. What is the tens digit of f?
1
Let p = 10 - -52. Suppose -j + 47 = -4*m, 2*m + p + 56 = 4*j. What is the tens digit of j?
2
Suppose 2*d - 14 = -0*d. Suppose 0 = a - 3 - d. What is the tens digit of a?
1
Let r(h) = 10*h**2 + 10*h - 4. What is the tens digit of r(-5)?
9
Let j be ((-2)/4)/(2/4). Let l(k) = -38*k. Let u be l(j). Let o = u - 27. What is the tens digit of o?
1
Suppose -2*l - 3*l - 4*g + 170 = 0, 2*l - 51 = -5*g. What is the tens digit of l?
3
Suppose -3*j + 0*j + 5*i = -59, -4*j - i = -94. Let o = j - -22. What is the units digit of o?
5
Let v be 7/(-2)*(12 + 0). Let o = -14 - v. What is the units digit of o?
8
Let d(b) be the second derivative of -b**3/2 - 3*b**2 - b. Suppose -2*t - 3 = 7. What is the units digit of d(t)?
9
What is the tens digit of ((-7)/(-4) - 1) + (-6135)/(-60)?
0
Suppose 2*h - 47 = 15. What is the tens digit of h?
3
What is the tens digit of 560/15 + (-2)/(-3)?
3
Suppose -20 = -i - 3*i. Suppose -4*k + 5*a - 19 = 0, -i*a + 18 = 4*k - 7*k. What is the units digit of 3*k*(-35)/15?
7
Suppose 230 = 7*w + 27. What is the tens digit of w?
2
What is the units digit of (26/(-3))/(8/(-12))?
3
Suppose k + 215 = 6*k. Suppose s = -u + 12, -4*s + 4*u + k + 5 = 0. What is the tens digit of s?
1
Let a be 6*(-1)/((-9)/(-6)). Let h(b) = -2*b - 4. Let v be h(a). Suppose -v*s + s = -33. What is the tens digit of s?
1
Suppose c + 3*c = 276. Let g = c - 30. What is the tens digit of g?
3
Suppose -4*l + l + 5*a = -9, 6 = 2*l - 4*a. Suppose -3*f - p + 13 = 4*p, 0 = -3*f + l*p - 3. What is the units digit of f?
1
What is the units digit of (-1 - (-966)/(-4))*12/(-15)?
4
Let o(y) = -8*y - 3. Let h(i) = -15*i - 5. Let q be -2*-14*(-1)/4. Let r(l) = q*o(l) + 4*h(l). What is the units digit of r(-1)?
5
Suppose 0 = 4*s - 3*s - 10. Let y(i) = i**3 - 11*i**2 + 10*i + 3. What is the units digit of y(s)?
3
Suppose -15 = -3*v, -25 = -b - 3*v - 9. Suppose -b = -j + 4. What is the units digit of j?
5
Suppose -3*l + c = -9, 4*l + 5*c - c = 28. Suppose 0*y = -5*y + l*s - 3, 0 = -4*s + 8. What is the units digit of y?
1
Let z(x) = x**2 + 4*x - 4. Let y be (16 + -21)*(-4)/10. What is the units digit of z(y)?
8
Suppose -x - 87 = -4*x. What is the tens digit of x?
2
Let f be ((-12)/(-7))/((-10)/(-105)). Suppose 54 = 3*x + f. Suppose j - 2*j - 5*y = x, -4*y + 45 = 5*j. What is the tens digit of j?
1
Let t be ((-2)/4)/(2/(-24)). Let x(m) = -m**2 + 7*m - 6. Let i be x(t). Suppose i = 4*o + 16, 2*h = -2*h + o + 28. What is the units digit of h?
6
Suppose 0 = -j - 4 - 5. Let s = -3 - j. What is the units digit of (-2)/s - (-124)/12?
0
Let s be 2 - (-2 - -2 - 0). Suppose -22 + 4 = -s*r + 2*w, -w + 39 = 3*r. What is the tens digit of r?
1
Suppose 49 = r - 51. What is the units digit of r?
0
What is the units digit of 265 + (-15)/(-5) + -1?
7
Let m(z) = 6*z**2 + 6*z + 5. Let i be m(-4). Let p be (-1939)/i - 4/(-22). What is the units digit of 5/(-2)*20/p?
2
Suppose 0*q + l = -2*q + 677, -1017 = -3*q - 3*l. What is the units digit of q?
8
Let i be (0 - 6)/3 + 2. Suppose -2*x = p + 6, 8 = 2*p - i*x - x. Suppose -p*o + 4 = 2*o, -j + 4*o = 1. What is the units digit of j?
3
Let p be -4*(-3 + (-25)/(-4)). Suppose -3*l = 2*z - 51, -5*l + 42 = 3*z - 37. Let r = p + z. What is the units digit of r?
5
Suppose 9*b - 96 = 48. What is the units digit of b?
6
Let g(c) = -c**2 + 27*c - 49. What is the units digit of g(20)?
1
Let w(y) = y**3 - 8*y**2 + 8*y - 5. Let o be w(7). Suppose 4*f - 16 = o*b + 2, 0 = 5*f - 4*b - 24. What is the units digit of f?
4
What is the units digit of (6/5)/((-4)/(-10))?
3
What is the tens digit of ((-12)/8)/(3/(-40))?
2
Suppose -5*c - 5 - 2 = -4*o, -1 = -4*o + 3*c. Let g = o + 1. What is the units digit of ((-1)/2)/(g/14)?
7
Let s(d) = 34*d**2. Let r be s(1). Suppose l + 2*l + 68 = 4*v, -r = -2*v + 3*l. What is the units digit of v?
7
Suppose 5*n + 32 = 122. Suppose -2*d = d - n. What is the units digit of d?
6
Suppose -146 = 4*k - 5*y, k - 2*k - 4*y = 26. Let l = -19 - k. Suppose 0 = -j + 2*f + 13, j + 6*f + l = f. What is the units digit of j?
5
What is the hundreds digit of (10/25)/((-4)/(-1680))?
1
Let v = -53 + 88. What is the tens digit of v?
3
Let v(b) = 17*b**3 - b**2 + b. Let l be v(3). Suppose 5*a - l = 487. What is the tens digit of a/12 - 2/3?
1
Suppose 0 = 12*x + x - 533. What is the units digit of x?
1
What is the tens digit of (-7)/((-42)/(-4))*-129?
8
Let b(i) = 3*i**2 + i. Let c be b(-1). Let w(t) = 18*t + 1. What is the units digit of w(c)?
7
Let a = 117 + -4. What is the units digit of a?
3
Suppose l = -1 + 7. What is the units digit of l?
6